by q(0)?
0
Let y = 4109 - 3716. What is the remainder when y is divided by 146?
101
Let j(n) = -n**3 - 11*n**2 + n + 19. Suppose 123 = 3*f + 2*k, 6*f - 4*f - 5*k = 63. Calculate the remainder when f is divided by j(-11).
7
Suppose -2*i = -34 - 16. Suppose 3*w = -4*p + 22, 9*w = 5*w - p + i. Calculate the remainder when -3 - (-4 + w) - -85 is divided by 29.
22
Suppose 0 = 5*p + 68*p - 24092 - 801. What is the remainder when 1375 is divided by p?
11
Calculate the remainder when (-2)/(-10) - (-544544)/2080 is divided by 72.
46
Calculate the remainder when 492 is divided by (731/86*(-4)/(-5))/((-4)/(-10)).
16
Let d(l) = -3*l**2 + l + 31. Let t be d(0). Suppose -28*m = -t*m + 954. Calculate the remainder when (m/(-12))/((-2)/(-4))*-1 is divided by 27.
26
Let r(l) = l**2 + l + 2. Let w be r(-1). Suppose -7*y - w = -16. Let v(n) = 3*n**3 - 4*n + 5. What is the remainder when 80 is divided by v(y)?
17
Suppose 15 = 3*w - o, -2*w + 23 = -0*w - 5*o. Calculate the remainder when (w/2)/(10/135) is divided by 15.
12
Suppose 210*d - 6789 = 46*d + 8299. What is the remainder when d is divided by -1 - -2*(-27)/(-2)?
14
Let n = 10625 + -10604. What is the remainder when 2302 is divided by n?
13
Suppose -12789*u - 165 = -12804*u. Calculate the remainder when 273 is divided by u.
9
Let w(i) = -22*i - 1477. Calculate the remainder when 1391 is divided by w(-69).
38
Let v = -255 + 262. Suppose -v*q + 76 = -533. What is the remainder when q is divided by 50?
37
Suppose -14*p + 5*p = -189. Suppose -971 = p*s - 3197. Calculate the remainder when s is divided by 28.
22
Let l = 107 - 97. Let w(x) = x**3 - 9*x**2 + 8*x + 13. What is the remainder when w(l) is divided by 49?
46
Let b = -3277 + 3358. What is the remainder when 726 is divided by b?
78
Suppose -10 = 15*h - 17*h. Suppose h*a - 221 = -o, a - 29 = -3*o + 4. What is the remainder when a is divided by 13?
6
Let g(a) = a**2 + 15*a + 52. Let p be g(-8). Let q(k) = 2*k**2 + 7*k + 4. Calculate the remainder when 10 is divided by q(p).
2
Let i be (-896)/56*(-1 - 0). Let u = -17 - -27. What is the remainder when 61 - (-16 + i - (-1 - 1)) is divided by u?
9
Suppose -4014*x + 3956*x + 1508 = 0. What is the remainder when 4750 is divided by x?
18
Let a be (-2)/6 + -3988*2/(-24). Let s = -252 + a. What is the remainder when s is divided by 21?
17
Let l(w) = -196*w - 1115. What is the remainder when 200 is divided by l(-6)?
17
What is the remainder when 698 is divided by ((-15)/(-4) - -1)*(13 + (-8 - -7))?
14
Suppose 2*q - 16 = -18*v + 14*v, 57 = 3*q - 5*v. Calculate the remainder when 4351 is divided by q.
11
Suppose -o = -5*n + 413, -6*o + 2*o = 5*n - 423. Let q = n + -78. Suppose 2*d - 13 = 5*d + 5*h, 5*d + q*h = -5. What is the remainder when 7 is divided by d?
3
Suppose 37*h - 702 = -2*h. Suppose -h*l = -298 - 260. Calculate the remainder when 2/(-8) - 962/(-8) is divided by l.
27
Suppose -4*u - 264 = -206*i + 204*i, 3*i + 4*u = 386. Calculate the remainder when 400 is divided by i.
10
Calculate the remainder when 278 is divided by (3 + 9 - 19)*(-3 + 0).
5
Suppose -6*n = -n - 25. Suppose -25*g - 55 = -2*x - 28*g, -n*x = g - 131. What is the remainder when 63 is divided by x?
11
Suppose -38*b + 8 = -40*b. Calculate the remainder when 29 is divided by 516/24 + (-6)/b.
6
Let x(z) = -3*z + 111. Let r be x(32). Suppose -r*c + 8 = -11*c. Calculate the remainder when c is divided by 1.
0
Suppose 53*j + 5 = 54*j. Suppose -2*k + 86 = 4*u - 62, 2*u = j*k + 86. What is the remainder when u is divided by 22?
16
Suppose -44120 - 13199 = -43*r. Calculate the remainder when r is divided by 109.
25
Calculate the remainder when 93 is divided by 225/11 + 18/33.
9
Let t(c) = c**2 - c - 6. Suppose 0 = -3*s - 4*b, 5*s - 7*b = -2*b. Suppose 5*x = 5*y + 25, -20 = -s*y - 5*y. Calculate the remainder when t(x) is divided by 34.
32
Suppose -2 = -l, 4*m + 3*l - 968 = l. What is the remainder when 348 is divided by m?
107
Suppose -s = 1026 - 1040. Suppose -s*u + 615 - 139 = 0. Suppose p = -4*n + 4*p + 35, -p = -2*n + 19. Calculate the remainder when u is divided by n.
1
Suppose y - 4*y + 4*n + 95 = 0, 0 = 3*y + 3*n - 102. Let u(d) = 10 - 10 - 66*d + 10 + 16*d**2 + 16*d. Calculate the remainder when u(5) is divided by y.
28
Let f be ((-19)/(-3) - (-27 + 33))*336. Calculate the remainder when 151 is divided by 7/(f/(-6)) - 1305/(-24).
43
Let q = -406 - -416. Let a(r) = -3 - 5 - 4*r + 9*r**2 + 1 + 2. What is the remainder when a(-2) is divided by q?
9
Suppose -l = 11237 - 11283. What is the remainder when 15685 is divided by l?
45
What is the remainder when (-690)/(-9) - 690/(-207) is divided by 31?
18
Let f(p) = p**2 + 11*p - 4. Let l be f(-10). Let g(r) = -r**2 - 14*r + 24. Calculate the remainder when g(l) is divided by 2/(-7) - 325/(-35).
6
What is the remainder when (-30)/36 + (-2)/36*-8043 is divided by 9?
5
Let l(n) = -2*n + 42 + 29 - 85. Let k be l(-5). What is the remainder when (112/(-6) - 0)*18/k is divided by 17?
16
Suppose 2*b - q - 14 = 0, -2*b + 5*q + 0*q = -6. Suppose 16*c - 152 = b*c. What is the remainder when 284 is divided by c?
18
Suppose -23 + 179 = 2*q. Suppose i + 52 = -2*h + 6*h, 0 = 2*i - 5*h + 116. Let w = i + q. What is the remainder when 26 is divided by w?
6
Suppose 3*b - 943 = -5*a, -5*b + 330 + 1254 = -4*a. Calculate the remainder when 691 is divided by b.
59
Suppose -5*c - h + 48 = 0, c - 2 = -0*c - 4*h. Suppose -146 + 486 = -c*j. What is the remainder when -4 - ((-2556)/22 - j/187) is divided by 39?
34
Let w(g) be the third derivative of 5*g**4/24 - 4*g**3 + 2*g**2. Let m be w(0). What is the remainder when 27 is divided by (-116)/m - (-2)/12 - -3?
3
Suppose 14*h - 758 = 166. Suppose 0 = 3*q + 3*q - 102. Calculate the remainder when h is divided by q.
15
Suppose 39 = 364*u - 359*u + s, 5*s = 2*u + 6. Calculate the remainder when 62 is divided by u.
6
What is the remainder when 7635 - (12/3 - 19) is divided by 89?
85
Let v = -4978 + 5199. What is the remainder when v is divided by 55?
1
Let c(a) = -7*a**2 + 21*a + 40. Let s(q) = -8*q**2 + 23*q + 40. Let d(l) = -5*c(l) + 4*s(l). Calculate the remainder when d(-5) is divided by 12.
4
Let z(v) = 20*v**2 - 86*v + 85. Suppose 58 = t - 5*u, 4*t + 5*u - 280 = u. Calculate the remainder when t is divided by z(1).
11
Let k(z) = z**3 + 19*z**2 + 17*z - 3. Let b be k(-18). Let x be 3*(350/b)/5. Calculate the remainder when (-4520)/(-35) + (-2)/x is divided by 34.
27
Suppose -1888 = 14*z - 17*z + 4*m, 3*m - 1236 = -2*z. Calculate the remainder when z is divided by 126.
120
Suppose -5*h - 28*n + 355 = -23*n, -2*h = -3*n - 147. What is the remainder when 165 is divided by h?
21
Calculate the remainder when 567 is divided by 2 + -35*((-51)/21 + 1).
47
Suppose -2*l - 5*r + 143 = 0, 5*l + 8 = -2*r + 355. Suppose 4*p - 65 = -24*h + 19*h, -3*p - 32 = -h. Calculate the remainder when l is divided by h.
1
Suppose -2*g - 109 - 139 = -10*g. What is the remainder when 190 is divided by g?
4
Suppose 54*f + 18*f - 70750 = 47*f. What is the remainder when f is divided by 12?
10
Let l(h) = 7*h + 145. Let r = -97 - -143. Suppose 0 = -3*z - 2*o + r, -o = o + 8. Calculate the remainder when z is divided by l(-20).
3
Let a be 6*4/(-16)*38. Let r be -4 + a - (-1 - -1). Let j = r - -85. What is the remainder when 94 is divided by j?
22
Let r = -151 - -153. Suppose 21 = r*h - 11. Let k(y) = 76*y**3 + y**2 - y + 1. Calculate the remainder when k(1) is divided by h.
13
What is the remainder when -2 + 817 + (-277 - -296) is divided by 212?
198
Suppose z = -1, -9*y - z + 1449 = -4*y. Suppose -v - v + 2*p + 76 = 0, p = 3*v - 122. Calculate the remainder when y is divided by v.
38
Let t be (-2*(-8)/24)/((-2)/(-9)). Suppose 1 = a - 3, 0 = n - t*a - 34. Calculate the remainder when n is divided by 24.
22
What is the remainder when 11 - 15/((-75)/2030) is divided by 11?
10
Let t be (-6)/(-9) + 485/15. Suppose 77 = 10*g - t. Suppose -g = -2*s - 7. Calculate the remainder when 7 is divided by s.
1
What is the remainder when 612/(-2142)*(-1 + -3072) is divided by 51?
11
Let m be -1 + 3 + 69 + (-3 - -1). Suppose 0 = o - 2*o + m. Let r = -45 - -59. What is the remainder when o is divided by r?
13
Suppose -4*m - 63 = 13. Let f = m - -28. Suppose 0 = -10*v + f*v + 15. What is the remainder when 43 is divided by 